= a*x(q) - c(q). Determine o(-7).
-4
Let t(o) = -o**2 - 3*o - 1. Suppose s + 13 = -5*m, -s - 4*m = -m + 9. Give t(s).
-1
Let s(z) be the third derivative of 1/3*z**3 + 0*z - 5*z**2 - 5/24*z**4 + 0. Determine s(2).
-8
Suppose 6*b + 2 = 4*b. Let u = -3 - b. Let v(i) = -i - 1. Let h(k) = -3*k - 6. Let m(p) = -h(p) + 5*v(p). Determine m(u).
5
Let g(u) = 2*u + 3. Let i(a) = a + 2. Let q(t) = -t**3 + 6*t**2 + 7. Suppose 0 = -4*j - 8 + 32. Let l be q(j). Let o(v) = l*i(v) - 5*g(v). Determine o(-2).
5
Let k(c) = -17*c**2 + 2*c + 1. Let g(v) = -v**3 + 4*v**2 - 3*v - 1. Let l be g(3). Give k(l).
-18
Suppose d = 3*d + 3*k + 3, -k = 3*d - 6. Let w be (-1 - -2)*(5 + -3). Let h(b) = -1 + w + b - d. Calculate h(5).
3
Let u(j) = j**2 - 15*j - 23. Let i be u(16). Let s(l) = l**3 + 6*l**2 - 8*l - 5. Calculate s(i).
2
Suppose 4*d = 3*d + 3. Suppose 5 - d = -c. Let h(i) = i + 2. Determine h(c).
0
Let u(k) = -13*k. Let y = -39 - -38. Calculate u(y).
13
Let n(f) be the third derivative of -f**5/60 - f**4/24 + 2*f**3/3 - 3*f**2. What is n(-5)?
-16
Let h = -71 - -76. Let i(k) = 2*k - 5. What is i(h)?
5
Let w = 0 - -2. Let j(p) = -4 + 2 - 1 + w*p. Suppose 2*r = 7 - 1. Give j(r).
3
Let c(g) be the second derivative of -1/4*g**4 + 0 - 1/20*g**5 + 3*g - 1/2*g**3 - 2*g**2. Suppose -6*v + 3*v = 9. What is c(v)?
5
Let t(s) = s**3 + 4*s**2 - 8*s - 5. Let x be (30/(-6))/(1 + 0). Calculate t(x).
10
Let i(w) = -3*w**2 + 4*w - 1. Let q(d) = 3*d**2 - 4*d. Let r = 5 + -4. Let y(v) = v**2. Let s(k) = r*y(k) - q(k). Let o(m) = 3*i(m) - 4*s(m). Give o(-4).
-3
Let u(d) be the third derivative of 0*d + 4*d**2 + 1/20*d**5 - 1/6*d**4 - 1/3*d**3 + 0 + 1/120*d**6. Give u(-3).
10
Let f(r) = -r**3 - r**2 + r + 6. Let n be f(0). Let h(v) = v**2 + 6*v + 1 + n - 2. Suppose 0 = -4*g - 0 - 16. Determine h(g).
-3
Let g(f) = 5 + 25*f + 3*f**3 - 2 + f**2 - 23*f. Calculate g(-2).
-21
Let r(u) = -u**2 - u + 1. Let n(s) = -s**3 + 10*s**2 - 6*s + 2. Let o(d) = -n(d) - 2*r(d). Calculate o(7).
3
Let l = 3 - 9. Let a(x) = -x**2 + 8*x. Let v(b) = 3*b**2 - 17*b + 1. Let k(c) = 5*a(c) + 2*v(c). Give k(l).
2
Let r(d) = d - 8. Let m(f) = -3*f + 2. Let u be m(-1). Suppose -p - u = -2*p. Determine r(p).
-3
Suppose 6 = -7*v + 4*v. Let c(w) = -w**3 + w - 1. Let t(r) = -r**3 - r**2 - 3*r + 1. Let f(y) = v*c(y) - t(y). Determine f(-1).
-2
Let q(p) = p**3 - 2*p**2 + 4*p - 4. Let w(s) = -s**2 + s - 1. Let o(n) = -q(n) - 6*w(n). Give o(7).
-11
Let f(u) be the second derivative of 0 + 3/2*u**2 + 2*u + 1/6*u**3. Determine f(0).
3
Let q(y) = y**2 + 1. Let v(l) = l**2 - 2*l + 3. Let p(r) = 4*q(r) - v(r). Calculate p(-2).
9
Let p(f) = f**2 - 7*f - 9. Let i(y) = -y - 4. Let s be i(-12). Let u be p(s). Let j(m) = -3*m**3 - 2*m**2 - 2*m - 1. Give j(u).
2
Suppose 4*m + 2*r - 16 = 3*m, 0 = 3*m + r - 23. Let g(q) = -q**2 + 7*q - 7. Let f be g(m). Let w(j) = -j - 6*j - 12 + 6 + 5. Determine w(f).
6
Let c = 2 + -6. Let h(j) = -8*j**3 + 9*j**2 - 26*j + 5. Let w(u) = 3*u**3 - 3*u**2 + 9*u - 2. Let f(p) = 4*h(p) + 11*w(p). Determine f(c).
2
Let q(f) = f**3 + 4*f**2 - 2*f - 5. Let s(j) = -7*j**2 - 2*j - 1. Let t be s(-1). Let x = t + 4. Let y be ((-6)/15)/(x/(-20)). Calculate q(y).
3
Let w(a) be the first derivative of a**4/4 + a**3 + 2*a + 6. Calculate w(-3).
2
Let w(y) = 0*y + 4*y - 7 - 3*y. Let t be 3/(-2)*20/(-6). What is w(t)?
-2
Let q(r) = 4*r**2 - 5*r - 13. Let d be ((-18 + 0)/2)/1. Let w(a) = a**2 - a - 3. Let o(m) = d*w(m) + 2*q(m). Give o(2).
-5
Suppose 0 = 4*w - 5*p + 12, 5*w - 3*p + 2 = 0. Let x(s) be the first derivative of -s**2 + 2*s - 2. Give x(w).
-2
Let v(r) = r**3 - 5*r**2 - 2*r + 5*r + 2*r + 4 - 2*r. Calculate v(4).
0
Let q(r) be the second derivative of -r**5/20 - r**4/3 + 7*r**3/6 + 5*r**2/2 + 34*r. What is q(-4)?
-23
Let b(s) = -11*s - 3. Let d(j) = -10*j - 2. Let n(x) = 2*b(x) - 3*d(x). What is n(1)?
8
Let n(j) = j**2 - 4*j - 3. Let i = -23 - -21. Determine n(i).
9
Suppose 0 = 2*b + 3*b - 15. Suppose b*w = 5*w + 30. Let l = -11 - w. Let v(j) = j**2 - 6*j + 2. Determine v(l).
-6
Let l(s) = s**3 - 6*s**2 + 4*s + 5. Let k be l(5). Let g(o) = o**2 - 1. What is g(k)?
-1
Suppose u = -2 - 2. Let f(v) be the first derivative of 2*v**2 + 2 + 1/3*v**3 + 5*v. What is f(u)?
5
Let m = -8 + 3. Let j(c) be the first derivative of c**4/24 - c**3/3 - c**2/2 - 1. Let n(i) be the second derivative of j(i). Give n(m).
-7
Suppose 0 = -5*j + 2*j. Let m(r) be the third derivative of r**6/120 - r**4/24 - 7*r**3/6 - 39*r**2. Calculate m(j).
-7
Let h(l) = -l. Let x = -8 - -8. Let g = x + -2. Determine h(g).
2
Suppose 0 = -c - 0*c + 3. Let o(j) = -j**c - 16*j**2 - j + 16*j**2. Calculate o(-2).
10
Let c(p) = -3*p**3 + 3*p**2 + 3*p - 6. Let b(x) = -x**3 - 1. Let g(l) = 2*b(l) - c(l). Give g(3).
-5
Let a(w) be the second derivative of -w**4/12 - 2*w**3/3 - 2*w**2 + w. Let z be a(-3). Let j(n) be the first derivative of -5*n**4/4 + n + 33. Give j(z).
6
Let x(c) be the second derivative of -c**4/12 + 5*c**3/6 + 5*c**2/2 - 10*c. Determine x(6).
-1
Let o(n) = -5 - 1 + n - 1 - 3*n. Calculate o(-5).
3
Let r(f) = 2*f**2 + 3*f - 1. Suppose 2*h = 5*v + 3*h - 4, 0 = -5*v + 4*h + 9. Let m(q) = 4*q**2 - 3*q**2 - 1 + 2*q - q. Let u(g) = v*r(g) - 3*m(g). Give u(-3).
-7
Let c(x) = x**2 - x - 2. Let y(q) = 3*q**2 + q + 1. Let a be y(-1). Suppose 4 = -l + a*l. Calculate c(l).
0
Let o(r) = r + 1. Let p(i) = 6*i + 6. Let x(s) = -5*o(s) + p(s). Suppose 1 = -3*h + 7. Suppose h*z - 5*z - 7 = 4*t, 0 = -5*z - 2*t - 7. Give x(z).
0
Let n(l) = 85*l**2 + l - 88*l**2 + 2*l. Give n(2).
-6
Let q(j) = j + 3. Let n be q(-3). Suppose n*x + x = -4. Let l(v) = 2*v**2 + 2*v**2 - 4*v + 4 - 5*v**2. What is l(x)?
4
Let y(x) = -3 - x**2 + 2*x**2 - 2*x**2 + 2*x. Give y(3).
-6
Let r(a) be the first derivative of -a**4/4 + a**2 - a + 11. What is r(1)?
0
Let q(o) be the third derivative of -o**7/2520 + o**6/180 - o**5/30 - o**4/8 + 2*o**2. Let s(b) be the second derivative of q(b). Calculate s(4).
-4
Let a(j) = j**2 + 0*j**2 - 8*j - 11*j - 2 + 24*j. Give a(-4).
-6
Let y(c) = -c**3 + 2*c**3 - 124 - 7*c**2 + 131 + 4*c. What is y(6)?
-5
Let p be (-2 - 4)/(1 - 0). Let r(f) = -f**2 - 6*f - 2. Calculate r(p).
-2
Let c(p) = -3*p**2 - 9*p - 1. Let w(b) = 16*b**2 + 46*b + 4. Let g(d) = -11*c(d) - 2*w(d). What is g(-5)?
-7
Let t(d) = -3*d - 3*d + 7*d + 10. What is t(-5)?
5
Let r(v) = 6*v**2 - v. Let s(o) = -o**2 + 6*o + 2. Let b be s(6). Suppose 0 = l + l - b. Calculate r(l).
5
Let l(d) = -d - 2. Suppose 5*b + 10 = 5*h, 0 = 2*h + h + 15. Let m be l(b). Let v(p) be the first derivative of -3*p**2/2 + 6*p + 2. What is v(m)?
-9
Let y(j) = -j**2 + 3*j + 6. Suppose 15 = 3*a - 3. What is y(a)?
-12
Let b(u) = 2*u**2 - 2*u + 1. Let t be -3*(6/3)/(-2). Suppose t*s - 3 = -0*s. Suppose -8 = -4*r + w, -2*w - s = 2*r + 5. Determine b(r).
1
Let m = 3 - -4. Let n(o) = -o**3 + 8*o**2 - 7*o - 5. Determine n(m).
-5
Let p(q) = -q**3 + 19*q**2 - 17*q - 17. Let t be p(18). Let l(m) = 3*m**2. What is l(t)?
3
Let z(r) = -r**2 - 6*r - 7. Let p be 60/8*8/(-6). Let n = 5 + p. Calculate z(n).
-2
Let y(v) be the first derivative of -1/3*v**3 + 2*v - 1 - 2*v**2. Let s(q) be the first derivative of y(q). Calculate s(-3).
2
Suppose -44 + 9 = 3*i + 5*h, -2*i - 4*h = 26. Let j(g) = -2*g - 7. Let k be j(i). Let y(l) = l**2 + 1. Determine y(k).
10
Let p(h) = -2*h - 4. Suppose -3*b - 6 = 6. Calculate p(b).
4
Let h(q) = 4*q**3 - 6*q - 4. Let z(r) = 3*r**3 - r**2 - 5*r - 4. Let m(n) = -4*h(n) + 5*z(n). Calculate m(-5).
1
Let b(q) = q**3 - q. Let i(d) = 6*d**3 - 5*d**2 - 7*d + 7. Let a(o) = -5*b(o) + i(o). Determine a(5).
-3
Suppose -3*r - 3 + 12 = 0. Let u(x) = -r*x**2 + 2*x - x - 1 - 2*x**2 + x**3. Calculate u(5).
4
Let y(r) = 0*r**2 - r**2 + r**3 + 1 + 1. Let k(c) = c - 4. Let f be k(4). What is y(f)?
2
Let m(v) = -13*v**2 + 5*v + 29. Let f be (-1)/(-5) - 92/10. Let y(c) = -3*c**2 + c + 7. Let s(o) = f*y(o) + 2*m(o). What is s(0)?
-5
Let u(s) = 5 + 6*s**3 + 4*s**2 + 2*s**2 + 24*s - 25*s - 5*s**3. What is u(-6)?
11
Let f be (-3 + (1 - -1))*5. Let i(a) be the second derivative of -a**3/6 + a**2/2 + 18*a. Determine i(f).
6
Let y(l) = 10*l**2 + 9 - 8*l - l**3 - 3*l + 2*l. Calculate y(9).
9
Let x(q) = 2*q - 2. Let i be x(2). Let c(k) = -3*k + k - i*k**2 + 0*k. Suppose 0 = 4*b + 4*z + 12, 0 = -b - 2*z - 2*z - 6. Determine c(b).
-4
